Last updated on 2024-06-16 11:57:55 CEST.
Flavor | Version | Tinstall | Tcheck | Ttotal | Status | Flags |
---|---|---|---|---|---|---|
r-devel-linux-x86_64-debian-clang | 0.2.5 | 14.15 | 149.41 | 163.56 | OK | |
r-devel-linux-x86_64-debian-gcc | 0.2.5 | 13.86 | 107.45 | 121.31 | OK | |
r-devel-linux-x86_64-fedora-clang | 0.2.5 | 200.91 | OK | |||
r-devel-linux-x86_64-fedora-gcc | 0.2.5 | 189.45 | OK | |||
r-devel-windows-x86_64 | 0.2.5 | 17.00 | 111.00 | 128.00 | OK | |
r-patched-linux-x86_64 | 0.2.5 | 16.43 | 138.81 | 155.24 | OK | |
r-release-linux-x86_64 | 0.2.5 | 19.00 | 135.46 | 154.46 | OK | |
r-release-macos-arm64 | 0.2.5 | 5.00 | ERROR | |||
r-release-macos-x86_64 | 0.2.5 | 8.00 | ERROR | |||
r-release-windows-x86_64 | 0.2.5 | 18.00 | 123.00 | 141.00 | OK | |
r-oldrel-macos-arm64 | 0.2.5 | 10.00 | ERROR | |||
r-oldrel-macos-x86_64 | 0.2.5 | 12.00 | ERROR | |||
r-oldrel-windows-x86_64 | 0.2.5 | 22.00 | 138.00 | 160.00 | OK |
Version: 0.2.5
Check: package dependencies
Result: ERROR
Package required but not available: ‘opGMMassessment’
See section ‘The DESCRIPTION file’ in the ‘Writing R Extensions’
manual.
Flavors: r-release-macos-arm64, r-release-macos-x86_64, r-oldrel-macos-arm64, r-oldrel-macos-x86_64