Last updated on 2024-06-30 00:59:13 CEST.
Flavor | Version | Tinstall | Tcheck | Ttotal | Status | Flags |
---|---|---|---|---|---|---|
r-devel-linux-x86_64-debian-clang | 1.0.1 | 97.96 | 48.50 | 146.46 | OK | |
r-devel-linux-x86_64-debian-gcc | 1.0.1 | 62.10 | 35.91 | 98.01 | OK | |
r-devel-linux-x86_64-fedora-clang | 1.0.1 | 208.50 | OK | |||
r-devel-linux-x86_64-fedora-gcc | 1.0.1 | 210.38 | OK | |||
r-devel-windows-x86_64 | 1.0.1 | 75.00 | 81.00 | 156.00 | OK | |
r-patched-linux-x86_64 | 1.0.1 | 74.95 | 45.38 | 120.33 | OK | |
r-release-linux-x86_64 | 1.0.1 | 83.80 | 46.48 | 130.28 | OK | |
r-release-macos-arm64 | 1.0.1 | 44.00 | OK | |||
r-release-macos-x86_64 | 1.0.1 | 52.00 | OK | |||
r-release-windows-x86_64 | 1.0.1 | 75.00 | 80.00 | 155.00 | OK | |
r-oldrel-macos-arm64 | 1.0.1 | 5.00 | ERROR | |||
r-oldrel-macos-x86_64 | 1.0.1 | 90.00 | OK | |||
r-oldrel-windows-x86_64 | 1.0.1 | 90.00 | 94.00 | 184.00 | OK |
Version: 1.0.1
Check: package dependencies
Result: ERROR
Package required but not available: ‘PSCBS’
See section ‘The DESCRIPTION file’ in the ‘Writing R Extensions’
manual.
Flavor: r-oldrel-macos-arm64