Last updated on 2024-06-30 00:59:13 CEST.
Flavor | Version | Tinstall | Tcheck | Ttotal | Status | Flags |
---|---|---|---|---|---|---|
r-devel-linux-x86_64-debian-clang | 0.3.2 | 11.76 | 339.63 | 351.39 | OK | |
r-devel-linux-x86_64-debian-gcc | 0.3.2 | 9.80 | 255.36 | 265.16 | OK | |
r-devel-linux-x86_64-fedora-clang | 0.3.2 | 447.90 | NOTE | |||
r-devel-linux-x86_64-fedora-gcc | 0.3.2 | 466.51 | OK | |||
r-devel-windows-x86_64 | 0.3.2 | 13.00 | 241.00 | 254.00 | NOTE | |
r-patched-linux-x86_64 | 0.3.2 | 14.38 | 332.73 | 347.11 | OK | |
r-release-linux-x86_64 | 0.3.2 | 9.17 | 326.63 | 335.80 | OK | |
r-release-macos-arm64 | 0.3.2 | 120.00 | NOTE | |||
r-release-macos-x86_64 | 0.3.2 | 192.00 | NOTE | |||
r-release-windows-x86_64 | 0.3.2 | 14.00 | 239.00 | 253.00 | NOTE | |
r-oldrel-macos-arm64 | 0.3.2 | 129.00 | NOTE | |||
r-oldrel-macos-x86_64 | 0.3.2 | 179.00 | NOTE | |||
r-oldrel-windows-x86_64 | 0.3.2 | 15.00 | 292.00 | 307.00 | NOTE |
Version: 0.3.2
Check: installed package size
Result: NOTE
installed size is 6.8Mb
sub-directories of 1Mb or more:
data 2.5Mb
doc 1.6Mb
extdata 2.4Mb
Flavors: r-devel-linux-x86_64-fedora-clang, r-devel-windows-x86_64, r-release-macos-arm64, r-release-macos-x86_64, r-release-windows-x86_64, r-oldrel-macos-arm64, r-oldrel-macos-x86_64, r-oldrel-windows-x86_64