Last updated on 2024-06-16 11:57:55 CEST.
Flavor | Version | Tinstall | Tcheck | Ttotal | Status | Flags |
---|---|---|---|---|---|---|
r-devel-linux-x86_64-debian-clang | 0.1.2 | 4.54 | 169.73 | 174.27 | OK | |
r-devel-linux-x86_64-debian-gcc | 0.1.2 | 2.94 | 120.23 | 123.17 | OK | |
r-devel-linux-x86_64-fedora-clang | 0.1.2 | 212.81 | OK | |||
r-devel-linux-x86_64-fedora-gcc | 0.1.2 | 217.81 | OK | |||
r-devel-windows-x86_64 | 0.1.2 | 5.00 | 163.00 | 168.00 | OK | |
r-patched-linux-x86_64 | 0.1.2 | 4.20 | 162.04 | 166.24 | OK | |
r-release-linux-x86_64 | 0.1.2 | 4.08 | 160.86 | 164.94 | OK | |
r-release-macos-arm64 | 0.1.2 | 55.00 | OK | |||
r-release-macos-x86_64 | 0.1.2 | 102.00 | OK | |||
r-release-windows-x86_64 | 0.1.2 | 5.00 | 53.00 | 58.00 | FAIL | |
r-oldrel-macos-arm64 | 0.1.2 | 65.00 | OK | |||
r-oldrel-macos-x86_64 | 0.1.2 | 83.00 | OK | |||
r-oldrel-windows-x86_64 | 0.1.2 | 5.00 | 187.00 | 192.00 | OK |
Version: 0.1.2
Check: dependencies in R code
Result: NOTE
Fatal error: couldn't allocate node stack
Flavor: r-release-windows-x86_64
Version: 0.1.2
Check: R code for possible problems
Result: NOTE
Found the following possibly unsafe calls:
Fatal error: couldn't allocate node stack
Flavor: r-release-windows-x86_64
Version: 0.1.2
Check: Rd files
Result: FAIL
Flavor: r-release-windows-x86_64