Last updated on 2024-06-30 00:59:14 CEST.
Flavor | Version | Tinstall | Tcheck | Ttotal | Status | Flags |
---|---|---|---|---|---|---|
r-devel-linux-x86_64-debian-clang | 1.4.0 | 92.59 | 533.27 | 625.86 | OK | |
r-devel-linux-x86_64-debian-gcc | 1.4.0 | 67.54 | 420.16 | 487.70 | OK | |
r-devel-linux-x86_64-fedora-clang | 1.4.0 | 832.37 | NOTE | |||
r-devel-linux-x86_64-fedora-gcc | 1.4.0 | 882.73 | OK | |||
r-devel-windows-x86_64 | 1.4.0 | 63.00 | 377.00 | 440.00 | NOTE | |
r-patched-linux-x86_64 | 1.4.0 | 85.03 | 531.61 | 616.64 | OK | |
r-release-linux-x86_64 | 1.4.0 | 60.99 | 553.70 | 614.69 | OK | |
r-release-macos-arm64 | 1.4.0 | 202.00 | NOTE | |||
r-release-macos-x86_64 | 1.4.0 | 297.00 | NOTE | |||
r-release-windows-x86_64 | 1.4.0 | 67.00 | 382.00 | 449.00 | NOTE | |
r-oldrel-macos-arm64 | 1.4.0 | 199.00 | NOTE | |||
r-oldrel-macos-x86_64 | 1.4.0 | 385.00 | NOTE | |||
r-oldrel-windows-x86_64 | 1.4.0 | 82.00 | 474.00 | 556.00 | NOTE |
Version: 1.4.0
Check: installed package size
Result: NOTE
installed size is 5.7Mb
sub-directories of 1Mb or more:
data 2.7Mb
doc 1.1Mb
help 1.0Mb
Flavors: r-devel-linux-x86_64-fedora-clang, r-devel-windows-x86_64, r-release-macos-arm64, r-release-macos-x86_64, r-release-windows-x86_64, r-oldrel-macos-arm64, r-oldrel-macos-x86_64, r-oldrel-windows-x86_64