Last updated on 2024-06-30 00:59:13 CEST.
Flavor | Version | Tinstall | Tcheck | Ttotal | Status | Flags |
---|---|---|---|---|---|---|
r-devel-linux-x86_64-debian-clang | 2.2.0 | 44.46 | 45.48 | 89.94 | NOTE | |
r-devel-linux-x86_64-debian-gcc | 2.2.0 | 36.78 | 30.78 | 67.56 | NOTE | |
r-devel-linux-x86_64-fedora-clang | 2.2.0 | 125.92 | NOTE | |||
r-devel-linux-x86_64-fedora-gcc | 2.2.0 | 145.96 | NOTE | |||
r-devel-windows-x86_64 | 2.2.0 | 38.00 | 74.00 | 112.00 | NOTE | |
r-patched-linux-x86_64 | 2.2.0 | 37.74 | 54.35 | 92.09 | NOTE | |
r-release-linux-x86_64 | 2.2.0 | 44.40 | 54.94 | 99.34 | NOTE | |
r-release-macos-arm64 | 2.2.0 | 33.00 | NOTE | |||
r-release-macos-x86_64 | 2.2.0 | 53.00 | NOTE | |||
r-release-windows-x86_64 | 2.2.0 | 37.00 | 77.00 | 114.00 | NOTE | |
r-oldrel-macos-arm64 | 2.2.0 | 41.00 | NOTE | |||
r-oldrel-macos-x86_64 | 2.2.0 | 59.00 | NOTE | |||
r-oldrel-windows-x86_64 | 2.2.0 | 46.00 | 84.00 | 130.00 | NOTE |
Version: 2.2.0
Check: C++ specification
Result: NOTE
Specified C++11: please drop specification unless essential
Flavors: r-devel-linux-x86_64-debian-clang, r-devel-linux-x86_64-debian-gcc, r-devel-linux-x86_64-fedora-clang, r-devel-linux-x86_64-fedora-gcc, r-devel-windows-x86_64, r-patched-linux-x86_64, r-release-linux-x86_64, r-release-macos-arm64, r-release-macos-x86_64, r-release-windows-x86_64, r-oldrel-macos-arm64, r-oldrel-macos-x86_64, r-oldrel-windows-x86_64