Last updated on 2024-06-30 00:59:13 CEST.
Flavor | Version | Tinstall | Tcheck | Ttotal | Status | Flags |
---|---|---|---|---|---|---|
r-devel-linux-x86_64-debian-clang | 1.4.2 | 682.34 | 132.30 | 814.64 | OK | |
r-devel-linux-x86_64-debian-gcc | 1.4.2 | 529.83 | 138.54 | 668.37 | OK | |
r-devel-linux-x86_64-fedora-clang | 1.4.2 | 1071.77 | OK | |||
r-devel-linux-x86_64-fedora-gcc | 1.4.2 | 1323.42 | OK | |||
r-devel-windows-x86_64 | 1.4.2 | 422.00 | 174.00 | 596.00 | OK | |
r-patched-linux-x86_64 | 1.4.2 | 461.67 | 174.43 | 636.10 | OK | |
r-release-linux-x86_64 | 1.4.2 | 623.05 | 176.11 | 799.16 | OK | |
r-release-macos-arm64 | 1.4.2 | 222.00 | NOTE | |||
r-release-macos-x86_64 | 1.4.2 | 190.00 | NOTE | |||
r-release-windows-x86_64 | 1.4.2 | 385.00 | 170.00 | 555.00 | OK | |
r-oldrel-macos-arm64 | 1.4.2 | 232.00 | NOTE | |||
r-oldrel-macos-x86_64 | 1.4.2 | 246.00 | NOTE | |||
r-oldrel-windows-x86_64 | 1.4.2 | 581.00 | 212.00 | 793.00 | OK |
Version: 1.4.2
Check: installed package size
Result: NOTE
installed size is 50.2Mb
sub-directories of 1Mb or more:
libs 49.8Mb
Flavors: r-release-macos-arm64, r-release-macos-x86_64, r-oldrel-macos-arm64, r-oldrel-macos-x86_64