Last updated on 2024-06-16 11:57:55 CEST.
Flavor | Version | Tinstall | Tcheck | Ttotal | Status | Flags |
---|---|---|---|---|---|---|
r-devel-linux-x86_64-debian-clang | 0.2.2 | 12.68 | 206.84 | 219.52 | OK | |
r-devel-linux-x86_64-debian-gcc | 0.2.2 | 9.32 | 152.70 | 162.02 | OK | |
r-devel-linux-x86_64-fedora-clang | 0.2.2 | 271.10 | OK | |||
r-devel-linux-x86_64-fedora-gcc | 0.2.2 | 272.53 | OK | |||
r-devel-windows-x86_64 | 0.2.2 | 11.00 | 140.00 | 151.00 | OK | |
r-patched-linux-x86_64 | 0.2.2 | 14.15 | 192.44 | 206.59 | OK | |
r-release-linux-x86_64 | 0.2.2 | 9.29 | 197.24 | 206.53 | OK | |
r-release-macos-arm64 | 0.2.2 | 78.00 | OK | |||
r-release-macos-x86_64 | 0.2.2 | 145.00 | OK | |||
r-release-windows-x86_64 | 0.2.2 | 11.00 | 146.00 | 157.00 | OK | |
r-oldrel-macos-arm64 | 0.2.2 | 85.00 | OK | |||
r-oldrel-macos-x86_64 | 0.2.2 | 114.00 | NOTE | |||
r-oldrel-windows-x86_64 | 0.2.2 | 15.00 | 170.00 | 185.00 | OK |
Version: 0.2.2
Check: package dependencies
Result: NOTE
Package suggested but not available for checking: ‘DESeq2’
Flavor: r-oldrel-macos-x86_64