Last updated on 2024-06-30 00:59:14 CEST.
Flavor | Version | Tinstall | Tcheck | Ttotal | Status | Flags |
---|---|---|---|---|---|---|
r-devel-linux-x86_64-debian-clang | 1.3.7 | 30.13 | 440.81 | 470.94 | OK | |
r-devel-linux-x86_64-debian-gcc | 1.3.7 | 23.12 | 313.32 | 336.44 | OK | |
r-devel-linux-x86_64-fedora-clang | 1.3.7 | 586.93 | NOTE | |||
r-devel-linux-x86_64-fedora-gcc | 1.3.7 | 565.71 | OK | |||
r-devel-windows-x86_64 | 1.3.7 | 27.00 | 298.00 | 325.00 | NOTE | |
r-patched-linux-x86_64 | 1.3.7 | 32.98 | 415.91 | 448.89 | OK | |
r-release-linux-x86_64 | 1.3.7 | 26.92 | 421.33 | 448.25 | OK | |
r-release-macos-arm64 | 1.3.7 | 155.00 | NOTE | |||
r-release-macos-x86_64 | 1.3.7 | 248.00 | NOTE | |||
r-release-windows-x86_64 | 1.3.7 | 28.00 | 300.00 | 328.00 | NOTE | |
r-oldrel-macos-arm64 | 1.3.7 | 143.00 | NOTE | |||
r-oldrel-macos-x86_64 | 1.3.7 | 433.00 | NOTE | |||
r-oldrel-windows-x86_64 | 1.3.7 | 37.00 | 375.00 | 412.00 | NOTE |
Version: 1.3.7
Check: installed package size
Result: NOTE
installed size is 6.0Mb
sub-directories of 1Mb or more:
R 1.0Mb
doc 3.0Mb
help 1.1Mb
Flavors: r-devel-linux-x86_64-fedora-clang, r-devel-windows-x86_64, r-release-macos-arm64, r-release-macos-x86_64, r-release-windows-x86_64, r-oldrel-macos-arm64, r-oldrel-macos-x86_64, r-oldrel-windows-x86_64