Last updated on 2024-06-30 00:59:14 CEST.
Flavor | Version | Tinstall | Tcheck | Ttotal | Status | Flags |
---|---|---|---|---|---|---|
r-devel-linux-x86_64-debian-clang | 1.3.1 | 16.98 | 212.53 | 229.51 | OK | |
r-devel-linux-x86_64-debian-gcc | 1.3.1 | 11.51 | 151.14 | 162.65 | OK | |
r-devel-linux-x86_64-fedora-clang | 1.3.1 | 288.48 | NOTE | |||
r-devel-linux-x86_64-fedora-gcc | 1.3.1 | 261.32 | OK | |||
r-devel-windows-x86_64 | 1.3.1 | 15.00 | 154.00 | 169.00 | OK | |
r-patched-linux-x86_64 | 1.3.1 | 21.71 | 204.47 | 226.18 | OK | |
r-release-linux-x86_64 | 1.3.1 | 12.15 | 197.92 | 210.07 | OK | |
r-release-macos-arm64 | 1.3.1 | 62.00 | OK | |||
r-release-macos-x86_64 | 1.3.1 | 112.00 | OK | |||
r-release-windows-x86_64 | 1.3.1 | 15.00 | 154.00 | 169.00 | OK | |
r-oldrel-macos-arm64 | 1.3.1 | 74.00 | OK | |||
r-oldrel-macos-x86_64 | 1.3.1 | 139.00 | OK | |||
r-oldrel-windows-x86_64 | 1.3.1 | 20.00 | 206.00 | 226.00 | OK |
Version: 1.3.1
Check: Rd cross-references
Result: NOTE
Undeclared package ‘ForecastCombinations’ in Rd xrefs
Flavor: r-devel-linux-x86_64-fedora-clang