Last updated on 2024-06-16 11:57:56 CEST.
Flavor | Version | Tinstall | Tcheck | Ttotal | Status | Flags |
---|---|---|---|---|---|---|
r-devel-linux-x86_64-debian-clang | 1.0.0 | 4.06 | 49.59 | 53.65 | OK | |
r-devel-linux-x86_64-debian-gcc | 1.0.0 | 3.98 | 37.11 | 41.09 | OK | |
r-devel-linux-x86_64-fedora-clang | 1.0.0 | 69.18 | OK | |||
r-devel-linux-x86_64-fedora-gcc | 1.0.0 | 77.44 | OK | |||
r-devel-windows-x86_64 | 1.0.0 | 6.00 | 60.00 | 66.00 | OK | |
r-patched-linux-x86_64 | 1.0.0 | 5.19 | 46.22 | 51.41 | OK | |
r-release-linux-x86_64 | 1.0.0 | 4.93 | 47.30 | 52.23 | OK | |
r-release-macos-arm64 | 1.0.0 | 29.00 | OK | |||
r-release-macos-x86_64 | 1.0.0 | 56.00 | OK | |||
r-release-windows-x86_64 | 1.0.0 | 6.00 | 36.00 | 42.00 | FAIL | |
r-oldrel-macos-arm64 | 1.0.0 | 32.00 | OK | |||
r-oldrel-macos-x86_64 | 1.0.0 | 43.00 | OK | |||
r-oldrel-windows-x86_64 | 1.0.0 | 7.00 | 64.00 | 71.00 | OK |
Version: 1.0.0
Check: whether the package can be loaded with stated dependencies
Result: WARN
It looks like this package (or one of its dependent packages) has an
unstated dependence on a standard package. All dependencies must be
declared in DESCRIPTION.
See section 'The DESCRIPTION file' in the 'Writing R Extensions'
manual.
Flavor: r-release-windows-x86_64
Version: 1.0.0
Check: whether the namespace can be loaded with stated dependencies
Result: WARN
Error in inDL(x, as.logical(local), as.logical(now), ...) :
unable to load shared object 'D:/RCompile/CRANpkg/lib/4.4/vctrs/libs/x64/vctrs.dll':
LoadLibrary failure: Die Auslagerungsdatei ist zu klein, um diesen Vorgang durchzuführen.
Calls: <Anonymous> ... namespaceImport -> loadNamespace -> library.dynam -> dyn.load -> inDL
Execution halted
A namespace must be able to be loaded with just the base namespace
loaded: otherwise if the namespace gets loaded by a saved object, the
session will be unable to start.
Probably some imports need to be declared in the NAMESPACE file.
Flavor: r-release-windows-x86_64
Version: 1.0.0
Check: whether the namespace can be unloaded cleanly
Result: WARN
Flavor: r-release-windows-x86_64
Version: 1.0.0
Check: re-building of vignette outputs
Result: FAIL
Flavor: r-release-windows-x86_64