Last updated on 2024-06-30 00:59:15 CEST.
Flavor | Version | Tinstall | Tcheck | Ttotal | Status | Flags |
---|---|---|---|---|---|---|
r-devel-linux-x86_64-debian-clang | 0.3.4 | 6.29 | 56.27 | 62.56 | OK | |
r-devel-linux-x86_64-debian-gcc | 0.3.4 | 4.90 | 42.38 | 47.28 | OK | |
r-devel-linux-x86_64-fedora-clang | 0.3.4 | 73.63 | NOTE | |||
r-devel-linux-x86_64-fedora-gcc | 0.3.4 | 83.29 | NOTE | |||
r-devel-windows-x86_64 | 0.3.4 | 4.00 | 77.00 | 81.00 | OK | |
r-patched-linux-x86_64 | 0.3.4 | 6.45 | 54.13 | 60.58 | OK | |
r-release-linux-x86_64 | 0.3.4 | 6.31 | 54.67 | 60.98 | OK | |
r-release-macos-arm64 | 0.3.4 | 60.00 | OK | |||
r-release-macos-x86_64 | 0.3.4 | 79.00 | OK | |||
r-release-windows-x86_64 | 0.3.4 | 5.00 | 80.00 | 85.00 | OK | |
r-oldrel-macos-arm64 | 0.3.4 | 62.00 | OK | |||
r-oldrel-macos-x86_64 | 0.3.4 | 73.00 | OK | |||
r-oldrel-windows-x86_64 | 0.3.4 | 5.00 | 83.00 | 88.00 | OK |
Version: 0.3.4
Check: data for non-ASCII characters
Result: NOTE
Note: found 3 marked UTF-8 strings
Flavors: r-devel-linux-x86_64-fedora-clang, r-devel-linux-x86_64-fedora-gcc