Last updated on 2024-06-30 00:59:15 CEST.
Flavor | Version | Tinstall | Tcheck | Ttotal | Status | Flags |
---|---|---|---|---|---|---|
r-devel-linux-x86_64-debian-clang | 1.0.0 | 17.82 | 186.15 | 203.97 | NOTE | |
r-devel-linux-x86_64-debian-gcc | 1.0.0 | 15.85 | 133.89 | 149.74 | NOTE | |
r-devel-linux-x86_64-fedora-clang | 1.0.0 | 263.52 | NOTE | |||
r-devel-linux-x86_64-fedora-gcc | 1.0.0 | 261.61 | NOTE | |||
r-devel-windows-x86_64 | 1.0.0 | 18.00 | 138.00 | 156.00 | NOTE | |
r-patched-linux-x86_64 | 1.0.0 | 23.77 | 177.19 | 200.96 | NOTE | |
r-release-linux-x86_64 | 1.0.0 | 11.75 | 173.09 | 184.84 | NOTE | |
r-release-macos-arm64 | 1.0.0 | 75.00 | NOTE | |||
r-release-macos-x86_64 | 1.0.0 | 142.00 | NOTE | |||
r-release-windows-x86_64 | 1.0.0 | 19.00 | 141.00 | 160.00 | NOTE | |
r-oldrel-macos-arm64 | 1.0.0 | 76.00 | OK | |||
r-oldrel-macos-x86_64 | 1.0.0 | 153.00 | OK | |||
r-oldrel-windows-x86_64 | 1.0.0 | 22.00 | 177.00 | 199.00 | OK |
Version: 1.0.0
Check: Rd files
Result: NOTE
checkRd: (-1) runGRM.Rd:24: Lost braces
24 | from \code{\link{mirt}} or code{\linkS4class{lavaan}} from from
| ^
Flavors: r-devel-linux-x86_64-debian-clang, r-devel-linux-x86_64-debian-gcc, r-devel-linux-x86_64-fedora-clang, r-devel-linux-x86_64-fedora-gcc, r-devel-windows-x86_64, r-patched-linux-x86_64, r-release-linux-x86_64, r-release-macos-arm64, r-release-macos-x86_64, r-release-windows-x86_64
Version: 1.0.0
Check: package dependencies
Result: NOTE
Imports includes 21 non-default packages.
Importing from so many packages makes the package vulnerable to any of
them becoming unavailable. Move as many as possible to Suggests and
use conditionally.
Flavor: r-devel-linux-x86_64-fedora-clang