Last updated on 2024-06-30 00:59:15 CEST.
Flavor | Version | Tinstall | Tcheck | Ttotal | Status | Flags |
---|---|---|---|---|---|---|
r-devel-linux-x86_64-debian-clang | 1.2 | 1.64 | 23.86 | 25.50 | NOTE | |
r-devel-linux-x86_64-debian-gcc | 1.2 | 1.56 | 18.06 | 19.62 | NOTE | |
r-devel-linux-x86_64-fedora-clang | 1.2 | 32.65 | NOTE | |||
r-devel-linux-x86_64-fedora-gcc | 1.2 | 31.70 | NOTE | |||
r-devel-windows-x86_64 | 1.2 | 4.00 | 39.00 | 43.00 | OK | |
r-patched-linux-x86_64 | 1.2 | 1.68 | 22.85 | 24.53 | NOTE | |
r-release-linux-x86_64 | 1.2 | 2.13 | 23.15 | 25.28 | NOTE | |
r-release-macos-arm64 | 1.2 | 14.00 | OK | |||
r-release-macos-x86_64 | 1.2 | 20.00 | OK | |||
r-release-windows-x86_64 | 1.2 | 3.00 | 40.00 | 43.00 | OK | |
r-oldrel-macos-arm64 | 1.2 | 16.00 | OK | |||
r-oldrel-macos-x86_64 | 1.2 | 21.00 | OK | |||
r-oldrel-windows-x86_64 | 1.2 | 2.00 | 41.00 | 43.00 | OK |
Version: 1.2
Check: for non-standard things in the check directory
Result: NOTE
Found the following files/directories:
‘testdata1.txt’ ‘testdata2.txt’ ‘testdata3.txt’
Flavors: r-devel-linux-x86_64-debian-clang, r-devel-linux-x86_64-debian-gcc, r-devel-linux-x86_64-fedora-clang, r-devel-linux-x86_64-fedora-gcc, r-patched-linux-x86_64, r-release-linux-x86_64