Last updated on 2024-06-30 00:59:14 CEST.
Flavor | Version | Tinstall | Tcheck | Ttotal | Status | Flags |
---|---|---|---|---|---|---|
r-devel-linux-x86_64-debian-clang | 0.2.12 | 301.90 | 360.77 | 662.67 | OK | |
r-devel-linux-x86_64-debian-gcc | 0.2.12 | 209.04 | 241.90 | 450.94 | OK | |
r-devel-linux-x86_64-fedora-clang | 0.2.12 | 774.32 | OK | |||
r-devel-linux-x86_64-fedora-gcc | 0.2.12 | 912.34 | OK | |||
r-devel-windows-x86_64 | 0.2.12 | 242.00 | 266.00 | 508.00 | OK | |
r-patched-linux-x86_64 | 0.2.12 | 252.47 | 327.34 | 579.81 | OK | |
r-release-linux-x86_64 | 0.2.12 | 259.84 | 334.19 | 594.03 | OK | |
r-release-macos-arm64 | 0.2.12 | 215.00 | NOTE | |||
r-release-macos-x86_64 | 0.2.12 | 442.00 | NOTE | |||
r-release-windows-x86_64 | 0.2.12 | 239.00 | 281.00 | 520.00 | OK | |
r-oldrel-macos-arm64 | 0.2.12 | 183.00 | NOTE | |||
r-oldrel-macos-x86_64 | 0.2.12 | 413.00 | NOTE | |||
r-oldrel-windows-x86_64 | 0.2.12 | 293.00 | 347.00 | 640.00 | OK |
Version: 0.2.12
Check: installed package size
Result: NOTE
installed size is 9.1Mb
sub-directories of 1Mb or more:
R 2.1Mb
libs 6.3Mb
Flavors: r-release-macos-arm64, r-release-macos-x86_64, r-oldrel-macos-arm64, r-oldrel-macos-x86_64