Last updated on 2024-06-14 08:56:39 CEST.
Flavor | Version | Tinstall | Tcheck | Ttotal | Status | Flags |
---|---|---|---|---|---|---|
r-devel-linux-x86_64-debian-clang | 1.2.1 | 2.21 | 28.01 | 30.22 | OK | |
r-devel-linux-x86_64-debian-gcc | 1.2.1 | 1.76 | 20.85 | 22.61 | OK | |
r-devel-linux-x86_64-fedora-clang | 1.2.1 | 38.77 | NOTE | |||
r-devel-linux-x86_64-fedora-gcc | 1.2.1 | 36.45 | OK | |||
r-devel-windows-x86_64 | 1.2.1 | 3.00 | 48.00 | 51.00 | OK | |
r-patched-linux-x86_64 | 1.2.1 | 2.23 | 27.00 | 29.23 | OK | |
r-release-linux-x86_64 | 1.2.1 | 1.88 | 25.60 | 27.48 | OK | |
r-release-macos-arm64 | 1.2.1 | 16.00 | OK | |||
r-release-macos-x86_64 | 1.2.1 | 22.00 | OK | |||
r-release-windows-x86_64 | 1.2.1 | 3.00 | 48.00 | 51.00 | OK | |
r-oldrel-macos-arm64 | 1.2.1 | 35.00 | OK | |||
r-oldrel-macos-x86_64 | 1.2.1 | 53.00 | OK | |||
r-oldrel-windows-x86_64 | 1.2.1 | 5.00 | 52.00 | 57.00 | OK |
Version: 1.2.1
Check: Rd cross-references
Result: NOTE
Undeclared package ‘poibin’ in Rd xrefs
Flavor: r-devel-linux-x86_64-fedora-clang