Last updated on 2024-06-30 00:59:15 CEST.
Flavor | Version | Tinstall | Tcheck | Ttotal | Status | Flags |
---|---|---|---|---|---|---|
r-devel-linux-x86_64-debian-clang | 1.0 | 10.19 | 134.43 | 144.62 | OK | |
r-devel-linux-x86_64-debian-gcc | 1.0 | 8.85 | 94.85 | 103.70 | OK | |
r-devel-linux-x86_64-fedora-clang | 1.0 | 175.95 | OK | |||
r-devel-linux-x86_64-fedora-gcc | 1.0 | 181.00 | OK | |||
r-devel-windows-x86_64 | 1.0 | 11.00 | 105.00 | 116.00 | NOTE | |
r-patched-linux-x86_64 | 1.0 | 8.78 | 124.99 | 133.77 | OK | |
r-release-linux-x86_64 | 1.0 | 8.55 | 126.79 | 135.34 | OK | |
r-release-macos-arm64 | 1.0 | 53.00 | OK | |||
r-release-macos-x86_64 | 1.0 | 85.00 | OK | |||
r-release-windows-x86_64 | 1.0 | 9.00 | 112.00 | 121.00 | NOTE | |
r-oldrel-macos-arm64 | 1.0 | 62.00 | OK | |||
r-oldrel-macos-x86_64 | 1.0 | 95.00 | OK | |||
r-oldrel-windows-x86_64 | 1.0 | 13.00 | 132.00 | 145.00 | NOTE |
Version: 1.0
Check: package dependencies
Result: NOTE
Package suggested but not available for checking: 'doMC'
Flavors: r-devel-windows-x86_64, r-release-windows-x86_64, r-oldrel-windows-x86_64