Last updated on 2024-06-30 00:59:15 CEST.
Flavor | Version | Tinstall | Tcheck | Ttotal | Status | Flags |
---|---|---|---|---|---|---|
r-devel-linux-x86_64-debian-clang | 1.0.0 | 18.08 | 179.10 | 197.18 | OK | |
r-devel-linux-x86_64-debian-gcc | 1.0.0 | 17.52 | 133.22 | 150.74 | OK | |
r-devel-linux-x86_64-fedora-clang | 1.0.0 | 249.10 | OK | |||
r-devel-linux-x86_64-fedora-gcc | 1.0.0 | 243.34 | OK | |||
r-devel-windows-x86_64 | 1.0.0 | 18.00 | 125.00 | 143.00 | OK | |
r-patched-linux-x86_64 | 1.0.0 | 12.44 | 174.68 | 187.12 | OK | |
r-release-linux-x86_64 | 1.0.0 | 18.32 | 169.49 | 187.81 | OK | |
r-release-macos-arm64 | 1.0.0 | 6.00 | ERROR | |||
r-release-macos-x86_64 | 1.0.0 | 141.00 | OK | |||
r-release-windows-x86_64 | 1.0.0 | 18.00 | 126.00 | 144.00 | OK | |
r-oldrel-macos-arm64 | 1.0.0 | 74.00 | OK | |||
r-oldrel-macos-x86_64 | 1.0.0 | 12.00 | ERROR | |||
r-oldrel-windows-x86_64 | 1.0.0 | 23.00 | 165.00 | 188.00 | OK |
Version: 1.0.0
Check: package dependencies
Result: ERROR
Package required but not available: ‘org.Mm.eg.db’
See section ‘The DESCRIPTION file’ in the ‘Writing R Extensions’
manual.
Flavors: r-release-macos-arm64, r-oldrel-macos-x86_64