Last updated on 2024-06-30 00:59:15 CEST.
Flavor | Version | Tinstall | Tcheck | Ttotal | Status | Flags |
---|---|---|---|---|---|---|
r-devel-linux-x86_64-debian-clang | 0.2.6 | 175.07 | 67.56 | 242.63 | OK | |
r-devel-linux-x86_64-debian-gcc | 0.2.6 | 115.78 | 50.42 | 166.20 | OK | |
r-devel-linux-x86_64-fedora-clang | 0.2.6 | 385.33 | NOTE | |||
r-devel-linux-x86_64-fedora-gcc | 0.2.6 | 382.37 | NOTE | |||
r-devel-windows-x86_64 | 0.2.6 | 130.00 | 108.00 | 238.00 | OK | |
r-patched-linux-x86_64 | 0.2.6 | 142.48 | 64.98 | 207.46 | OK | |
r-release-linux-x86_64 | 0.2.6 | 150.22 | 65.99 | 216.21 | OK | |
r-release-macos-arm64 | 0.2.6 | 79.00 | OK | |||
r-release-macos-x86_64 | 0.2.6 | 99.00 | OK | |||
r-release-windows-x86_64 | 0.2.6 | 130.00 | 113.00 | 243.00 | OK | |
r-oldrel-macos-arm64 | 0.2.6 | 94.00 | OK | |||
r-oldrel-macos-x86_64 | 0.2.6 | 167.00 | OK | |||
r-oldrel-windows-x86_64 | 0.2.6 | 133.00 | 116.00 | 249.00 | OK |
Version: 0.2.6
Check: data for non-ASCII characters
Result: NOTE
Note: found 3 marked UTF-8 strings
Flavors: r-devel-linux-x86_64-fedora-clang, r-devel-linux-x86_64-fedora-gcc