Last updated on 2024-06-16 11:57:57 CEST.
Flavor | Version | Tinstall | Tcheck | Ttotal | Status | Flags |
---|---|---|---|---|---|---|
r-devel-linux-x86_64-debian-clang | 0.8.14 | 7.82 | 55.79 | 63.61 | OK | |
r-devel-linux-x86_64-debian-gcc | 0.8.14 | 7.23 | 44.97 | 52.20 | OK | |
r-devel-linux-x86_64-fedora-clang | 0.8.14 | 82.53 | OK | |||
r-devel-linux-x86_64-fedora-gcc | 0.8.14 | 90.33 | OK | |||
r-devel-windows-x86_64 | 0.8.14 | 7.00 | 67.00 | 74.00 | OK | |
r-patched-linux-x86_64 | 0.8.14 | 6.35 | 52.98 | 59.33 | OK | |
r-release-linux-x86_64 | 0.8.14 | 8.68 | 52.97 | 61.65 | OK | |
r-release-macos-arm64 | 0.8.14 | 48.00 | NOTE | |||
r-release-macos-x86_64 | 0.8.14 | 51.00 | NOTE | |||
r-release-windows-x86_64 | 0.8.14 | 7.00 | 64.00 | 71.00 | OK | |
r-oldrel-macos-arm64 | 0.8.14 | 56.00 | NOTE | |||
r-oldrel-macos-x86_64 | 0.8.14 | 118.00 | NOTE | |||
r-oldrel-windows-x86_64 | 0.8.14 | 8.00 | 73.00 | 81.00 | NOTE |
Version: 0.8.14
Check: installed package size
Result: NOTE
installed size is 5.1Mb
sub-directories of 1Mb or more:
data 4.7Mb
Flavors: r-release-macos-arm64, r-release-macos-x86_64, r-oldrel-macos-arm64, r-oldrel-macos-x86_64, r-oldrel-windows-x86_64