Last updated on 2024-06-30 00:59:16 CEST.
Flavor | Version | Tinstall | Tcheck | Ttotal | Status | Flags |
---|---|---|---|---|---|---|
r-devel-linux-x86_64-debian-clang | 1.0.0 | 2.47 | 32.38 | 34.85 | NOTE | |
r-devel-linux-x86_64-debian-gcc | 1.0.0 | 2.50 | 24.95 | 27.45 | NOTE | |
r-devel-linux-x86_64-fedora-clang | 1.0.0 | 45.57 | NOTE | |||
r-devel-linux-x86_64-fedora-gcc | 1.0.0 | 43.29 | NOTE | |||
r-devel-windows-x86_64 | 1.0.0 | 3.00 | 45.00 | 48.00 | NOTE | |
r-patched-linux-x86_64 | 1.0.0 | 3.54 | 31.46 | 35.00 | NOTE | |
r-release-linux-x86_64 | 1.0.0 | 2.85 | 31.55 | 34.40 | NOTE | |
r-release-macos-arm64 | 1.0.0 | 16.00 | NOTE | |||
r-release-macos-x86_64 | 1.0.0 | 29.00 | NOTE | |||
r-release-windows-x86_64 | 1.0.0 | 4.00 | 46.00 | 50.00 | NOTE | |
r-oldrel-macos-arm64 | 1.0.0 | 18.00 | NOTE | |||
r-oldrel-macos-x86_64 | 1.0.0 | 26.00 | NOTE | |||
r-oldrel-windows-x86_64 | 1.0.0 | 3.00 | 49.00 | 52.00 | NOTE |
Version: 1.0.0
Check: Rd files
Result: NOTE
checkRd: (-1) HPLB.Rd:33: Lost braces in \itemize; meant \describe ?
checkRd: (-1) HPLB.Rd:34: Lost braces in \itemize; meant \describe ?
checkRd: (-1) HPLB.Rd:35: Lost braces in \itemize; meant \describe ?
checkRd: (-1) HPLB.Rd:36: Lost braces in \itemize; meant \describe ?
checkRd: (-1) HPLB.Rd:37: Lost braces in \itemize; meant \describe ?
checkRd: (-1) HPLB.Rd:38: Lost braces in \itemize; meant \describe ?
Flavors: r-devel-linux-x86_64-debian-clang, r-devel-linux-x86_64-debian-gcc, r-devel-linux-x86_64-fedora-clang, r-devel-linux-x86_64-fedora-gcc, r-devel-windows-x86_64, r-patched-linux-x86_64, r-release-linux-x86_64, r-release-macos-arm64, r-release-macos-x86_64, r-release-windows-x86_64
Version: 1.0.0
Check: LazyData
Result: NOTE
'LazyData' is specified without a 'data' directory
Flavors: r-devel-linux-x86_64-debian-clang, r-devel-linux-x86_64-debian-gcc, r-devel-linux-x86_64-fedora-clang, r-devel-linux-x86_64-fedora-gcc, r-devel-windows-x86_64, r-patched-linux-x86_64, r-release-linux-x86_64, r-release-macos-arm64, r-release-macos-x86_64, r-release-windows-x86_64, r-oldrel-macos-arm64, r-oldrel-macos-x86_64, r-oldrel-windows-x86_64