Last updated on 2024-06-30 00:59:16 CEST.
Flavor | Version | Tinstall | Tcheck | Ttotal | Status | Flags |
---|---|---|---|---|---|---|
r-devel-linux-x86_64-debian-clang | 1.2.4 | 3.10 | 137.99 | 141.09 | OK | |
r-devel-linux-x86_64-debian-gcc | 1.2.4 | 3.67 | 101.66 | 105.33 | OK | |
r-devel-linux-x86_64-fedora-clang | 1.2.4 | 173.55 | NOTE | |||
r-devel-linux-x86_64-fedora-gcc | 1.2.4 | 184.52 | NOTE | |||
r-devel-windows-x86_64 | 1.2.4 | 6.00 | 148.00 | 154.00 | OK | |
r-patched-linux-x86_64 | 1.2.4 | 2.98 | 129.86 | 132.84 | OK | |
r-release-linux-x86_64 | 1.2.4 | 3.01 | 133.20 | 136.21 | OK | |
r-release-macos-arm64 | 1.2.4 | 61.00 | OK | |||
r-release-macos-x86_64 | 1.2.4 | 90.00 | OK | |||
r-release-windows-x86_64 | 1.2.4 | 5.00 | 150.00 | 155.00 | OK | |
r-oldrel-macos-arm64 | 1.2.4 | 67.00 | OK | |||
r-oldrel-macos-x86_64 | 1.2.4 | 174.00 | OK | |||
r-oldrel-windows-x86_64 | 1.2.4 | 7.00 | 175.00 | 182.00 | OK |
Version: 1.2.4
Check: dependencies in R code
Result: NOTE
Namespaces in Imports field not imported from:
‘recipes’ ‘tune’
All declared Imports should be used.
Flavors: r-devel-linux-x86_64-fedora-clang, r-devel-linux-x86_64-fedora-gcc