Last updated on 2024-06-30 00:59:15 CEST.
Flavor | Version | Tinstall | Tcheck | Ttotal | Status | Flags |
---|---|---|---|---|---|---|
r-devel-linux-x86_64-debian-clang | 6.1 | 23.62 | 160.80 | 184.42 | OK | |
r-devel-linux-x86_64-debian-gcc | 6.1 | 18.41 | 114.17 | 132.58 | OK | |
r-devel-linux-x86_64-fedora-clang | 6.1 | 222.61 | NOTE | |||
r-devel-linux-x86_64-fedora-gcc | 6.1 | 214.18 | OK | |||
r-devel-windows-x86_64 | 6.1 | 21.00 | 144.00 | 165.00 | OK | |
r-patched-linux-x86_64 | 6.1 | 24.38 | 148.16 | 172.54 | OK | |
r-release-linux-x86_64 | 6.1 | 17.77 | 149.11 | 166.88 | OK | |
r-release-macos-arm64 | 6.1 | 77.00 | OK | |||
r-release-macos-x86_64 | 6.1 | 112.00 | OK | |||
r-release-windows-x86_64 | 6.1 | 22.00 | 145.00 | 167.00 | OK | |
r-oldrel-macos-arm64 | 6.1 | 91.00 | OK | |||
r-oldrel-macos-x86_64 | 6.1 | 138.00 | OK | |||
r-oldrel-windows-x86_64 | 6.1 | 27.00 | 181.00 | 208.00 | OK |
Version: 6.1
Check: Rd cross-references
Result: NOTE
Undeclared package ‘sp’ in Rd xrefs
Flavor: r-devel-linux-x86_64-fedora-clang