Last updated on 2024-06-30 00:59:16 CEST.
Flavor | Version | Tinstall | Tcheck | Ttotal | Status | Flags |
---|---|---|---|---|---|---|
r-devel-linux-x86_64-debian-clang | 0.9-1 | 2.78 | 70.11 | 72.89 | OK | |
r-devel-linux-x86_64-debian-gcc | 0.9-1 | 2.55 | 53.13 | 55.68 | OK | |
r-devel-linux-x86_64-fedora-clang | 0.9-1 | 93.64 | NOTE | |||
r-devel-linux-x86_64-fedora-gcc | 0.9-1 | 100.12 | OK | |||
r-devel-windows-x86_64 | 0.9-1 | 6.00 | 86.00 | 92.00 | OK | |
r-patched-linux-x86_64 | 0.9-1 | 4.38 | 68.98 | 73.36 | OK | |
r-release-linux-x86_64 | 0.9-1 | 2.76 | 67.82 | 70.58 | OK | |
r-release-macos-arm64 | 0.9-1 | 33.00 | OK | |||
r-release-macos-x86_64 | 0.9-1 | 51.00 | OK | |||
r-release-windows-x86_64 | 0.9-1 | 4.00 | 86.00 | 90.00 | OK | |
r-oldrel-macos-arm64 | 0.9-1 | 50.00 | OK | |||
r-oldrel-macos-x86_64 | 0.9-1 | 100.00 | OK | |||
r-oldrel-windows-x86_64 | 0.9-1 | 5.00 | 101.00 | 106.00 | OK |
Version: 0.9-1
Check: Rd cross-references
Result: NOTE
Undeclared packages ‘Guerry’, ‘alr4’, ‘agridat’, ‘coin’ in Rd xrefs
Flavor: r-devel-linux-x86_64-fedora-clang