Last updated on 2024-06-30 00:59:16 CEST.
Flavor | Version | Tinstall | Tcheck | Ttotal | Status | Flags |
---|---|---|---|---|---|---|
r-devel-linux-x86_64-debian-clang | 2.3.12 | 57.88 | 826.32 | 884.20 | OK | |
r-devel-linux-x86_64-debian-gcc | 2.3.12 | 50.07 | 659.84 | 709.91 | OK | |
r-devel-linux-x86_64-fedora-clang | 2.3.12 | 1208.62 | OK | |||
r-devel-linux-x86_64-fedora-gcc | 2.3.12 | 1098.00 | OK | |||
r-devel-windows-x86_64 | 2.3.12 | 54.00 | 562.00 | 616.00 | OK | |
r-patched-linux-x86_64 | 2.3.12 | 47.67 | 859.62 | 907.29 | OK | |
r-release-linux-x86_64 | 2.3.12 | 39.88 | 853.53 | 893.41 | OK | |
r-release-macos-arm64 | 2.3.12 | 181.00 | NOTE | |||
r-release-macos-x86_64 | 2.3.12 | 286.00 | NOTE | |||
r-release-windows-x86_64 | 2.3.12 | 53.00 | 576.00 | 629.00 | OK | |
r-oldrel-macos-arm64 | 2.3.12 | 197.00 | NOTE | |||
r-oldrel-macos-x86_64 | 2.3.12 | 419.00 | NOTE | |||
r-oldrel-windows-x86_64 | 2.3.12 | 71.00 | 532.00 | 603.00 | NOTE |
Version: 2.3.12
Check: package dependencies
Result: NOTE
Packages suggested but not available for checking:
'BSgenome.Hsapiens.1000genomes.hs37d5',
'BSgenome.Hsapiens.UCSC.hg38', 'BSgenome.Mmusculus.UCSC.mm10'
Flavors: r-release-macos-arm64, r-release-macos-x86_64, r-oldrel-macos-arm64, r-oldrel-macos-x86_64
Version: 2.3.12
Check: package dependencies
Result: NOTE
Packages suggested but not available for checking:
'BSgenome.Hsapiens.1000genomes.hs37d5',
'BSgenome.Mmusculus.UCSC.mm10'
Flavor: r-oldrel-windows-x86_64