Last updated on 2024-06-30 00:59:16 CEST.
Flavor | Version | Tinstall | Tcheck | Ttotal | Status | Flags |
---|---|---|---|---|---|---|
r-devel-linux-x86_64-debian-clang | 0.2.1 | 76.68 | 174.29 | 250.97 | NOTE | |
r-devel-linux-x86_64-debian-gcc | 0.2.1 | 64.22 | 122.75 | 186.97 | NOTE | |
r-devel-linux-x86_64-fedora-clang | 0.2.1 | 317.01 | NOTE | |||
r-devel-linux-x86_64-fedora-gcc | 0.2.1 | 350.79 | NOTE | |||
r-devel-windows-x86_64 | 0.2.1 | 65.00 | 171.00 | 236.00 | NOTE | |
r-patched-linux-x86_64 | 0.2.1 | 68.47 | 162.57 | 231.04 | NOTE | |
r-release-linux-x86_64 | 0.2.1 | 64.07 | 167.64 | 231.71 | NOTE | |
r-release-macos-arm64 | 0.2.1 | 66.00 | NOTE | |||
r-release-macos-x86_64 | 0.2.1 | 106.00 | NOTE | |||
r-release-windows-x86_64 | 0.2.1 | 66.00 | 172.00 | 238.00 | NOTE | |
r-oldrel-macos-arm64 | 0.2.1 | 78.00 | NOTE | |||
r-oldrel-macos-x86_64 | 0.2.1 | 149.00 | NOTE | |||
r-oldrel-windows-x86_64 | 0.2.1 | 83.00 | 209.00 | 292.00 | NOTE |
Version: 0.2.1
Check: package dependencies
Result: NOTE
Package suggested but not available for checking: ‘IFCdata’
Flavors: r-devel-linux-x86_64-debian-clang, r-devel-linux-x86_64-debian-gcc, r-devel-linux-x86_64-fedora-clang, r-devel-linux-x86_64-fedora-gcc, r-devel-windows-x86_64, r-patched-linux-x86_64, r-release-linux-x86_64, r-release-macos-arm64, r-release-macos-x86_64, r-release-windows-x86_64, r-oldrel-macos-arm64, r-oldrel-macos-x86_64, r-oldrel-windows-x86_64
Version: 0.2.1
Check: installed package size
Result: NOTE
installed size is 7.4Mb
sub-directories of 1Mb or more:
R 2.0Mb
libs 4.6Mb
Flavors: r-release-macos-arm64, r-release-macos-x86_64, r-oldrel-macos-arm64, r-oldrel-macos-x86_64