Last updated on 2024-06-30 00:59:16 CEST.
Flavor | Version | Tinstall | Tcheck | Ttotal | Status | Flags |
---|---|---|---|---|---|---|
r-devel-linux-x86_64-debian-clang | 0.2.4 | 30.22 | 170.21 | 200.43 | OK | |
r-devel-linux-x86_64-debian-gcc | 0.2.4 | 28.19 | 122.62 | 150.81 | OK | |
r-devel-linux-x86_64-fedora-clang | 0.2.4 | 263.41 | NOTE | |||
r-devel-linux-x86_64-fedora-gcc | 0.2.4 | 244.96 | NOTE | |||
r-devel-windows-x86_64 | 0.2.4 | 30.00 | 127.00 | 157.00 | OK | |
r-patched-linux-x86_64 | 0.2.4 | 21.10 | 162.26 | 183.36 | OK | |
r-release-linux-x86_64 | 0.2.4 | 23.01 | 161.73 | 184.74 | OK | |
r-release-macos-arm64 | 0.2.4 | 63.00 | OK | |||
r-release-macos-x86_64 | 0.2.4 | 94.00 | OK | |||
r-release-windows-x86_64 | 0.2.4 | 28.00 | 131.00 | 159.00 | OK | |
r-oldrel-macos-arm64 | 0.2.4 | 71.00 | OK | |||
r-oldrel-macos-x86_64 | 0.2.4 | 115.00 | OK | |||
r-oldrel-windows-x86_64 | 0.2.4 | 38.00 | 178.00 | 216.00 | OK |
Version: 0.2.4
Check: compiled code
Result: NOTE
File ‘IFP/libs/IFP.so’:
Found no calls to: ‘R_registerRoutines’, ‘R_useDynamicSymbols’
It is good practice to register native routines and to disable symbol
search.
See ‘Writing portable packages’ in the ‘Writing R Extensions’ manual.
Flavors: r-devel-linux-x86_64-fedora-clang, r-devel-linux-x86_64-fedora-gcc