Last updated on 2024-06-30 00:59:16 CEST.
Flavor | Version | Tinstall | Tcheck | Ttotal | Status | Flags |
---|---|---|---|---|---|---|
r-devel-linux-x86_64-debian-clang | 0.3.1 | 35.66 | 33.31 | 68.97 | NOTE | |
r-devel-linux-x86_64-debian-gcc | 0.3.1 | 24.17 | 25.83 | 50.00 | NOTE | |
r-devel-linux-x86_64-fedora-clang | 0.3.1 | 107.61 | NOTE | |||
r-devel-linux-x86_64-fedora-gcc | 0.3.1 | 98.97 | NOTE | |||
r-devel-windows-x86_64 | 0.3.1 | 33.00 | 67.00 | 100.00 | NOTE | |
r-patched-linux-x86_64 | 0.3.1 | 34.33 | 32.90 | 67.23 | NOTE | |
r-release-linux-x86_64 | 0.3.1 | 32.62 | 33.09 | 65.71 | NOTE | |
r-release-macos-arm64 | 0.3.1 | 27.00 | NOTE | |||
r-release-macos-x86_64 | 0.3.1 | 32.00 | NOTE | |||
r-release-windows-x86_64 | 0.3.1 | 30.00 | 63.00 | 93.00 | NOTE | |
r-oldrel-macos-arm64 | 0.3.1 | 28.00 | OK | |||
r-oldrel-macos-x86_64 | 0.3.1 | 43.00 | OK | |||
r-oldrel-windows-x86_64 | 0.3.1 | 28.00 | 75.00 | 103.00 | OK |
Version: 0.3.1
Check: Rd files
Result: NOTE
checkRd: (-1) simHawkes1a.Rd:35: Lost braces; missing escapes or markup?
35 | distribution; 'd${dis}' gives the density function \eqn{g(\cdot)}.}
| ^
Flavors: r-devel-linux-x86_64-debian-clang, r-devel-linux-x86_64-debian-gcc, r-devel-linux-x86_64-fedora-clang, r-devel-linux-x86_64-fedora-gcc, r-devel-windows-x86_64, r-patched-linux-x86_64, r-release-linux-x86_64, r-release-macos-arm64, r-release-macos-x86_64, r-release-windows-x86_64