Last updated on 2024-06-16 11:57:58 CEST.
Flavor | Version | Tinstall | Tcheck | Ttotal | Status | Flags |
---|---|---|---|---|---|---|
r-devel-linux-x86_64-debian-clang | 0.2.0 | 2.74 | 68.22 | 70.96 | NOTE | |
r-devel-linux-x86_64-debian-gcc | 0.2.0 | 2.14 | 48.64 | 50.78 | NOTE | |
r-devel-linux-x86_64-fedora-clang | 0.2.0 | 87.37 | NOTE | |||
r-devel-linux-x86_64-fedora-gcc | 0.2.0 | 84.76 | NOTE | |||
r-devel-windows-x86_64 | 0.2.0 | 4.00 | 72.00 | 76.00 | NOTE | |
r-patched-linux-x86_64 | 0.2.0 | 1.60 | 64.73 | 66.33 | NOTE | |
r-release-linux-x86_64 | 0.2.0 | 1.55 | 64.64 | 66.19 | NOTE | |
r-release-macos-arm64 | 0.2.0 | 37.00 | NOTE | |||
r-release-macos-x86_64 | 0.2.0 | 43.00 | NOTE | |||
r-release-windows-x86_64 | 0.2.0 | 3.00 | 71.00 | 74.00 | NOTE | |
r-oldrel-macos-arm64 | 0.2.0 | 38.00 | NOTE | |||
r-oldrel-macos-x86_64 | 0.2.0 | 64.00 | NOTE | |||
r-oldrel-windows-x86_64 | 0.2.0 | 4.00 | 78.00 | 82.00 | NOTE |
Version: 0.2.0
Check: LazyData
Result: NOTE
'LazyData' is specified without a 'data' directory
Flavors: r-devel-linux-x86_64-debian-clang, r-devel-linux-x86_64-debian-gcc, r-devel-linux-x86_64-fedora-clang, r-devel-linux-x86_64-fedora-gcc, r-devel-windows-x86_64, r-patched-linux-x86_64, r-release-linux-x86_64, r-release-macos-arm64, r-release-macos-x86_64, r-release-windows-x86_64, r-oldrel-macos-arm64, r-oldrel-macos-x86_64, r-oldrel-windows-x86_64