Last updated on 2024-06-30 00:59:16 CEST.
Flavor | Version | Tinstall | Tcheck | Ttotal | Status | Flags |
---|---|---|---|---|---|---|
r-devel-linux-x86_64-debian-clang | 1.0.0 | 7.89 | 350.02 | 357.91 | OK | |
r-devel-linux-x86_64-debian-gcc | 1.0.0 | 6.51 | 259.68 | 266.19 | OK | |
r-devel-linux-x86_64-fedora-clang | 1.0.0 | 439.64 | NOTE | |||
r-devel-linux-x86_64-fedora-gcc | 1.0.0 | 462.79 | NOTE | |||
r-devel-windows-x86_64 | 1.0.0 | 8.00 | 355.00 | 363.00 | OK | |
r-patched-linux-x86_64 | 1.0.0 | 8.95 | 337.65 | 346.60 | OK | |
r-release-linux-x86_64 | 1.0.0 | 7.71 | 343.95 | 351.66 | OK | |
r-release-macos-arm64 | 1.0.0 | 164.00 | OK | |||
r-release-macos-x86_64 | 1.0.0 | 281.00 | OK | |||
r-release-windows-x86_64 | 1.0.0 | 8.00 | 366.00 | 374.00 | OK | |
r-oldrel-macos-arm64 | 1.0.0 | 187.00 | OK | |||
r-oldrel-macos-x86_64 | 1.0.0 | 359.00 | OK | |||
r-oldrel-windows-x86_64 | 1.0.0 | 11.00 | 375.00 | 386.00 | OK |
Version: 1.0.0
Check: dependencies in R code
Result: NOTE
Namespaces in Imports field not imported from:
‘lme4’ ‘reshape2’
All declared Imports should be used.
Flavors: r-devel-linux-x86_64-fedora-clang, r-devel-linux-x86_64-fedora-gcc