Last updated on 2024-06-30 00:59:16 CEST.
Flavor | Version | Tinstall | Tcheck | Ttotal | Status | Flags |
---|---|---|---|---|---|---|
r-devel-linux-x86_64-debian-clang | 0.1-12 | 6.25 | 59.37 | 65.62 | NOTE | |
r-devel-linux-x86_64-debian-gcc | 0.1-12 | 4.43 | 44.54 | 48.97 | NOTE | |
r-devel-linux-x86_64-fedora-clang | 0.1-12 | 84.06 | OK | |||
r-devel-linux-x86_64-fedora-gcc | 0.1-12 | 92.33 | OK | |||
r-devel-windows-x86_64 | 0.1-12 | 7.00 | 65.00 | 72.00 | OK | |
r-patched-linux-x86_64 | 0.1-12 | 6.55 | 55.72 | 62.27 | NOTE | |
r-release-linux-x86_64 | 0.1-12 | 6.97 | 57.50 | 64.47 | NOTE | |
r-release-macos-arm64 | 0.1-12 | 26.00 | NOTE | |||
r-release-macos-x86_64 | 0.1-12 | 37.00 | NOTE | |||
r-release-windows-x86_64 | 0.1-12 | 9.00 | 64.00 | 73.00 | OK | |
r-oldrel-macos-arm64 | 0.1-12 | 36.00 | NOTE | |||
r-oldrel-macos-x86_64 | 0.1-12 | 101.00 | NOTE | |||
r-oldrel-windows-x86_64 | 0.1-12 | 8.00 | 73.00 | 81.00 | NOTE |
Version: 0.1-12
Check: package dependencies
Result: NOTE
Package suggested but not available for checking: ‘INLA’
Flavors: r-devel-linux-x86_64-debian-clang, r-devel-linux-x86_64-debian-gcc, r-patched-linux-x86_64, r-release-linux-x86_64, r-release-macos-arm64, r-release-macos-x86_64, r-oldrel-macos-arm64, r-oldrel-macos-x86_64, r-oldrel-windows-x86_64