Last updated on 2024-06-30 00:59:16 CEST.
Flavor | Version | Tinstall | Tcheck | Ttotal | Status | Flags |
---|---|---|---|---|---|---|
r-devel-linux-x86_64-debian-clang | 1.2 | 9.12 | 80.16 | 89.28 | NOTE | |
r-devel-linux-x86_64-debian-gcc | 1.2 | 7.25 | 59.87 | 67.12 | NOTE | |
r-devel-linux-x86_64-fedora-clang | 1.2 | 109.84 | NOTE | |||
r-devel-linux-x86_64-fedora-gcc | 1.2 | 102.52 | NOTE | |||
r-devel-windows-x86_64 | 1.2 | 9.00 | 72.00 | 81.00 | NOTE | |
r-patched-linux-x86_64 | 1.2 | 7.40 | 76.24 | 83.64 | NOTE | |
r-release-linux-x86_64 | 1.2 | 8.16 | 76.33 | 84.49 | NOTE | |
r-release-macos-arm64 | 1.2 | 33.00 | NOTE | |||
r-release-macos-x86_64 | 1.2 | 50.00 | NOTE | |||
r-release-windows-x86_64 | 1.2 | 9.00 | 73.00 | 82.00 | NOTE | |
r-oldrel-macos-arm64 | 1.2 | 36.00 | NOTE | |||
r-oldrel-macos-x86_64 | 1.2 | 63.00 | NOTE | |||
r-oldrel-windows-x86_64 | 1.2 | 11.00 | 88.00 | 99.00 | NOTE |
Version: 1.2
Check: LazyData
Result: NOTE
'LazyData' is specified without a 'data' directory
Flavors: r-devel-linux-x86_64-debian-clang, r-devel-linux-x86_64-debian-gcc, r-devel-linux-x86_64-fedora-clang, r-devel-linux-x86_64-fedora-gcc, r-devel-windows-x86_64, r-patched-linux-x86_64, r-release-linux-x86_64, r-release-macos-arm64, r-release-macos-x86_64, r-release-windows-x86_64, r-oldrel-macos-arm64, r-oldrel-macos-x86_64, r-oldrel-windows-x86_64