Last updated on 2024-06-30 00:59:16 CEST.
Flavor | Version | Tinstall | Tcheck | Ttotal | Status | Flags |
---|---|---|---|---|---|---|
r-devel-linux-x86_64-debian-clang | 1.3.1 | 2.91 | 44.09 | 47.00 | OK | |
r-devel-linux-x86_64-debian-gcc | 1.3.1 | 2.15 | 32.27 | 34.42 | OK | |
r-devel-linux-x86_64-fedora-clang | 1.3.1 | 56.28 | NOTE | |||
r-devel-linux-x86_64-fedora-gcc | 1.3.1 | 54.76 | OK | |||
r-devel-windows-x86_64 | 1.3.1 | 3.00 | 54.00 | 57.00 | OK | |
r-patched-linux-x86_64 | 1.3.1 | 1.95 | 41.87 | 43.82 | OK | |
r-release-linux-x86_64 | 1.3.1 | 2.05 | 42.26 | 44.31 | OK | |
r-release-macos-arm64 | 1.3.1 | 20.00 | OK | |||
r-release-macos-x86_64 | 1.3.1 | 29.00 | OK | |||
r-release-windows-x86_64 | 1.3.1 | 3.00 | 54.00 | 57.00 | OK | |
r-oldrel-macos-arm64 | 1.3.1 | 26.00 | NOTE | |||
r-oldrel-macos-x86_64 | 1.3.1 | 33.00 | NOTE | |||
r-oldrel-windows-x86_64 | 1.3.1 | 4.00 | 57.00 | 61.00 | OK |
Version: 1.3.1
Check: Rd cross-references
Result: NOTE
Undeclared package ‘minfi’ in Rd xrefs
Flavor: r-devel-linux-x86_64-fedora-clang
Version: 1.3.1
Check: Rd cross-references
Result: NOTE
Package unavailable to check Rd xrefs: ‘minfi’
Flavors: r-oldrel-macos-arm64, r-oldrel-macos-x86_64