Last updated on 2024-06-30 00:59:17 CEST.
Flavor | Version | Tinstall | Tcheck | Ttotal | Status | Flags |
---|---|---|---|---|---|---|
r-devel-linux-x86_64-debian-clang | 0.1.19 | 23.35 | 203.32 | 226.67 | OK | |
r-devel-linux-x86_64-debian-gcc | 0.1.19 | 16.34 | 143.92 | 160.26 | OK | |
r-devel-linux-x86_64-fedora-clang | 0.1.19 | 272.32 | OK | |||
r-devel-linux-x86_64-fedora-gcc | 0.1.19 | 261.35 | OK | |||
r-devel-windows-x86_64 | 0.1.19 | 18.00 | 174.00 | 192.00 | OK | |
r-patched-linux-x86_64 | 0.1.19 | 20.53 | 184.46 | 204.99 | OK | |
r-release-linux-x86_64 | 0.1.19 | 13.30 | 186.97 | 200.27 | OK | |
r-release-macos-arm64 | 0.1.19 | 84.00 | OK | |||
r-release-macos-x86_64 | 0.1.19 | 117.00 | NOTE | |||
r-release-windows-x86_64 | 0.1.19 | 19.00 | 173.00 | 192.00 | OK | |
r-oldrel-macos-arm64 | 0.1.19 | 93.00 | OK | |||
r-oldrel-macos-x86_64 | 0.1.19 | 209.00 | NOTE | |||
r-oldrel-windows-x86_64 | 0.1.19 | 24.00 | 210.00 | 234.00 | OK |
Version: 0.1.19
Check: installed package size
Result: NOTE
installed size is 5.6Mb
sub-directories of 1Mb or more:
data 5.1Mb
Flavors: r-release-macos-x86_64, r-oldrel-macos-x86_64