Last updated on 2024-06-30 00:59:17 CEST.
Flavor | Version | Tinstall | Tcheck | Ttotal | Status | Flags |
---|---|---|---|---|---|---|
r-devel-linux-x86_64-debian-clang | 2.0 | 10.92 | 161.11 | 172.03 | OK | |
r-devel-linux-x86_64-debian-gcc | 2.0 | 9.13 | 115.58 | 124.71 | OK | |
r-devel-linux-x86_64-fedora-clang | 2.0 | 217.32 | NOTE | |||
r-devel-linux-x86_64-fedora-gcc | 2.0 | 219.81 | NOTE | |||
r-devel-windows-x86_64 | 2.0 | 10.00 | 182.00 | 192.00 | OK | |
r-patched-linux-x86_64 | 2.0 | 9.10 | 147.27 | 156.37 | OK | |
r-release-linux-x86_64 | 2.0 | 9.99 | 153.01 | 163.00 | OK | |
r-release-macos-arm64 | 2.0 | 69.00 | OK | |||
r-release-macos-x86_64 | 2.0 | 103.00 | OK | |||
r-release-windows-x86_64 | 2.0 | 11.00 | 186.00 | 197.00 | OK | |
r-oldrel-macos-arm64 | 2.0 | 61.00 | OK | |||
r-oldrel-macos-x86_64 | 2.0 | 109.00 | OK | |||
r-oldrel-windows-x86_64 | 2.0 | 14.00 | 194.00 | 208.00 | OK |
Version: 2.0
Check: dependencies in R code
Result: NOTE
Namespace in Imports field not imported from: ‘robustbase’
All declared Imports should be used.
Flavors: r-devel-linux-x86_64-fedora-clang, r-devel-linux-x86_64-fedora-gcc