Last updated on 2024-06-30 00:59:17 CEST.
Flavor | Version | Tinstall | Tcheck | Ttotal | Status | Flags |
---|---|---|---|---|---|---|
r-devel-linux-x86_64-debian-clang | 0.3.0 | 13.15 | 174.32 | 187.47 | NOTE | |
r-devel-linux-x86_64-debian-gcc | 0.3.0 | 9.08 | 126.31 | 135.39 | NOTE | |
r-devel-linux-x86_64-fedora-clang | 0.3.0 | 237.91 | NOTE | |||
r-devel-linux-x86_64-fedora-gcc | 0.3.0 | 229.24 | NOTE | |||
r-devel-windows-x86_64 | 0.3.0 | 13.00 | 168.00 | 181.00 | NOTE | |
r-patched-linux-x86_64 | 0.3.0 | 13.06 | 160.22 | 173.28 | NOTE | |
r-release-linux-x86_64 | 0.3.0 | 8.47 | 163.77 | 172.24 | NOTE | |
r-release-macos-arm64 | 0.3.0 | 73.00 | NOTE | |||
r-release-macos-x86_64 | 0.3.0 | 111.00 | NOTE | |||
r-release-windows-x86_64 | 0.3.0 | 13.00 | 180.00 | 193.00 | NOTE | |
r-oldrel-macos-arm64 | 0.3.0 | 65.00 | OK | |||
r-oldrel-macos-x86_64 | 0.3.0 | 157.00 | OK | |||
r-oldrel-windows-x86_64 | 0.3.0 | 14.00 | 194.00 | 208.00 | OK |
Version: 0.3.0
Check: Rd files
Result: NOTE
checkRd: (-1) TS_diagnostics_plot.Rd:19: Lost braces
19 | \item{interactive}{\code{logical} input, should be code{TRUE} unless
| ^
checkRd: (-1) plot.TS_fit.Rd:29: Lost braces
29 | \item{interactive}{\code{logical} input, should be code{TRUE} unless
| ^
Flavors: r-devel-linux-x86_64-debian-clang, r-devel-linux-x86_64-debian-gcc, r-devel-linux-x86_64-fedora-clang, r-devel-linux-x86_64-fedora-gcc, r-devel-windows-x86_64, r-patched-linux-x86_64, r-release-linux-x86_64, r-release-macos-arm64, r-release-macos-x86_64, r-release-windows-x86_64