Last updated on 2024-06-30 00:59:17 CEST.
Flavor | Version | Tinstall | Tcheck | Ttotal | Status | Flags |
---|---|---|---|---|---|---|
r-devel-linux-x86_64-debian-clang | 1.6.0 | 21.35 | 124.47 | 145.82 | WARN | |
r-devel-linux-x86_64-debian-gcc | 1.6.0 | 16.21 | 94.64 | 110.85 | WARN | |
r-devel-linux-x86_64-fedora-clang | 1.6.0 | 188.50 | WARN | |||
r-devel-linux-x86_64-fedora-gcc | 1.6.0 | 198.64 | WARN | |||
r-devel-windows-x86_64 | 1.6.0 | 17.00 | 107.00 | 124.00 | WARN | |
r-patched-linux-x86_64 | 1.6.0 | 20.09 | 117.81 | 137.90 | WARN | |
r-release-linux-x86_64 | 1.6.0 | 18.28 | 120.34 | 138.62 | OK | |
r-release-macos-arm64 | 1.6.0 | 68.00 | OK | |||
r-release-macos-x86_64 | 1.6.0 | 92.00 | OK | |||
r-release-windows-x86_64 | 1.6.0 | 16.00 | 108.00 | 124.00 | OK | |
r-oldrel-macos-arm64 | 1.6.0 | 84.00 | OK | |||
r-oldrel-macos-x86_64 | 1.6.0 | 156.00 | OK | |||
r-oldrel-windows-x86_64 | 1.6.0 | 25.00 | 133.00 | 158.00 | WARN |
Version: 1.6.0
Check: whether package can be installed
Result: WARN
Found the following significant warnings:
Warning: replacing previous import ‘Matrix::det’ by ‘SparseM::det’ when loading ‘LKT’
Flavors: r-devel-linux-x86_64-debian-clang, r-devel-linux-x86_64-debian-gcc, r-devel-linux-x86_64-fedora-clang, r-devel-linux-x86_64-fedora-gcc, r-devel-windows-x86_64, r-patched-linux-x86_64, r-oldrel-windows-x86_64