Last updated on 2024-06-30 00:59:17 CEST.
Flavor | Version | Tinstall | Tcheck | Ttotal | Status | Flags |
---|---|---|---|---|---|---|
r-devel-linux-x86_64-debian-clang | 3.0 | 13.17 | 120.39 | 133.56 | NOTE | |
r-devel-linux-x86_64-debian-gcc | 3.0 | 11.54 | 85.69 | 97.23 | NOTE | |
r-devel-linux-x86_64-fedora-clang | 3.0 | 165.84 | NOTE | |||
r-devel-linux-x86_64-fedora-gcc | 3.0 | 159.85 | NOTE | |||
r-devel-windows-x86_64 | 3.0 | 13.00 | 97.00 | 110.00 | NOTE | |
r-patched-linux-x86_64 | 3.0 | 14.14 | 113.55 | 127.69 | NOTE | |
r-release-linux-x86_64 | 3.0 | 13.12 | 112.02 | 125.14 | NOTE | |
r-release-macos-arm64 | 3.0 | 45.00 | NOTE | |||
r-release-macos-x86_64 | 3.0 | 90.00 | NOTE | |||
r-release-windows-x86_64 | 3.0 | 13.00 | 96.00 | 109.00 | NOTE | |
r-oldrel-macos-arm64 | 3.0 | 58.00 | OK | |||
r-oldrel-macos-x86_64 | 3.0 | 93.00 | OK | |||
r-oldrel-windows-x86_64 | 3.0 | 18.00 | 116.00 | 134.00 | OK |
Version: 3.0
Check: Rd files
Result: NOTE
checkRd: (-1) relLik.Rd:16: Lost braces
16 | \item{AIC(x), BIC(x) }{The \code{AIC} or ]code{BIC} value of the first model object.}
| ^
checkRd: (-1) relLik.Rd:17: Lost braces
17 | \item{AIC(y), BIC(y) }{The \code{AIC} or ]code{BIC} value of the second model object.}
| ^
Flavors: r-devel-linux-x86_64-debian-clang, r-devel-linux-x86_64-debian-gcc, r-devel-linux-x86_64-fedora-clang, r-devel-linux-x86_64-fedora-gcc, r-devel-windows-x86_64, r-patched-linux-x86_64, r-release-linux-x86_64, r-release-macos-arm64, r-release-macos-x86_64, r-release-windows-x86_64