Last updated on 2024-06-30 00:59:18 CEST.
Flavor | Version | Tinstall | Tcheck | Ttotal | Status | Flags |
---|---|---|---|---|---|---|
r-devel-linux-x86_64-debian-clang | 0.5.0 | 16.39 | 108.08 | 124.47 | OK | |
r-devel-linux-x86_64-debian-gcc | 0.5.0 | 15.06 | 79.25 | 94.31 | OK | |
r-devel-linux-x86_64-fedora-clang | 0.5.0 | 158.71 | NOTE | |||
r-devel-linux-x86_64-fedora-gcc | 0.5.0 | 161.17 | NOTE | |||
r-devel-windows-x86_64 | 0.5.0 | 16.00 | 107.00 | 123.00 | OK | |
r-patched-linux-x86_64 | 0.5.0 | 22.24 | 102.56 | 124.80 | OK | |
r-release-linux-x86_64 | 0.5.0 | 11.99 | 103.51 | 115.50 | OK | |
r-release-macos-arm64 | 0.5.0 | 63.00 | WARN | |||
r-release-macos-x86_64 | 0.5.0 | 125.00 | WARN | |||
r-release-windows-x86_64 | 0.5.0 | 16.00 | 108.00 | 124.00 | OK | |
r-oldrel-macos-arm64 | 0.5.0 | 67.00 | WARN | |||
r-oldrel-macos-x86_64 | 0.5.0 | 177.00 | WARN | |||
r-oldrel-windows-x86_64 | 0.5.0 | 20.00 | 124.00 | 144.00 | OK |
Version: 0.5.0
Check: data for non-ASCII characters
Result: NOTE
Note: found 20 marked UTF-8 strings
Flavors: r-devel-linux-x86_64-fedora-clang, r-devel-linux-x86_64-fedora-gcc
Version: 0.5.0
Check: loading without being on the library search path
Result: WARN
Error: package or namespace load failed for ‘LSTbook’:
.onLoad failed in loadNamespace() for 'LSTbook', details:
call: loadNamespace(name)
error: there is no package called ‘ggformula’
Execution halted
It looks like this package has a loading problem when not on .libPaths:
see the messages for details.
Flavors: r-release-macos-arm64, r-release-macos-x86_64, r-oldrel-macos-arm64, r-oldrel-macos-x86_64