Last updated on 2024-06-30 00:59:18 CEST.
Flavor | Version | Tinstall | Tcheck | Ttotal | Status | Flags |
---|---|---|---|---|---|---|
r-devel-linux-x86_64-debian-clang | 1.6-9 | 24.37 | 106.31 | 130.68 | OK | |
r-devel-linux-x86_64-debian-gcc | 1.6-9 | 19.11 | 76.21 | 95.32 | OK | |
r-devel-linux-x86_64-fedora-clang | 1.6-9 | 159.94 | NOTE | |||
r-devel-linux-x86_64-fedora-gcc | 1.6-9 | 177.35 | OK | |||
r-devel-windows-x86_64 | 1.6-9 | 37.00 | 120.00 | 157.00 | OK | |
r-patched-linux-x86_64 | 1.6-9 | 23.87 | 100.63 | 124.50 | OK | |
r-release-linux-x86_64 | 1.6-9 | 22.48 | 102.90 | 125.38 | OK | |
r-release-macos-arm64 | 1.6-9 | 72.00 | OK | |||
r-release-macos-x86_64 | 1.6-9 | 89.00 | OK | |||
r-release-windows-x86_64 | 1.6-9 | 35.00 | 121.00 | 156.00 | OK | |
r-oldrel-macos-arm64 | 1.6-9 | 72.00 | OK | |||
r-oldrel-macos-x86_64 | 1.6-9 | 193.00 | OK | |||
r-oldrel-windows-x86_64 | 1.6-9 | 39.00 | 124.00 | 163.00 | OK |
Version: 1.6-9
Check: Rd cross-references
Result: NOTE
Undeclared package ‘colorspace’ in Rd xrefs
Flavor: r-devel-linux-x86_64-fedora-clang