Last updated on 2024-06-30 00:59:18 CEST.
Flavor | Version | Tinstall | Tcheck | Ttotal | Status | Flags |
---|---|---|---|---|---|---|
r-devel-linux-x86_64-debian-clang | 0.9.24 | 108.35 | 374.71 | 483.06 | OK | |
r-devel-linux-x86_64-debian-gcc | 0.9.24 | 77.46 | 259.53 | 336.99 | OK | |
r-devel-linux-x86_64-fedora-clang | 0.9.24 | 665.33 | OK | |||
r-devel-linux-x86_64-fedora-gcc | 0.9.24 | 629.58 | OK | |||
r-devel-windows-x86_64 | 0.9.24 | 89.00 | 307.00 | 396.00 | OK | |
r-patched-linux-x86_64 | 0.9.24 | 107.75 | 351.82 | 459.57 | OK | |
r-release-linux-x86_64 | 0.9.24 | 92.81 | 357.92 | 450.73 | OK | |
r-release-macos-arm64 | 0.9.24 | 140.00 | NOTE | |||
r-release-macos-x86_64 | 0.9.24 | 406.00 | NOTE | |||
r-release-windows-x86_64 | 0.9.24 | 87.00 | 311.00 | 398.00 | OK | |
r-oldrel-macos-arm64 | 0.9.24 | 154.00 | NOTE | |||
r-oldrel-macos-x86_64 | 0.9.24 | 312.00 | NOTE | |||
r-oldrel-windows-x86_64 | 0.9.24 | 116.00 | 409.00 | 525.00 | OK |
Version: 0.9.24
Check: installed package size
Result: NOTE
installed size is 6.1Mb
sub-directories of 1Mb or more:
R 2.0Mb
libs 1.9Mb
Flavors: r-release-macos-arm64, r-release-macos-x86_64, r-oldrel-macos-arm64, r-oldrel-macos-x86_64