Last updated on 2024-06-30 00:59:18 CEST.
Flavor | Version | Tinstall | Tcheck | Ttotal | Status | Flags |
---|---|---|---|---|---|---|
r-devel-linux-x86_64-debian-clang | 1.22.2 | 10.89 | 79.85 | 90.74 | OK | |
r-devel-linux-x86_64-debian-gcc | 1.22.2 | 7.81 | 61.34 | 69.15 | OK | |
r-devel-linux-x86_64-fedora-clang | 1.22.2 | 116.17 | OK | |||
r-devel-linux-x86_64-fedora-gcc | 1.22.2 | 122.89 | OK | |||
r-devel-windows-x86_64 | 1.22.2 | 12.00 | 109.00 | 121.00 | OK | |
r-patched-linux-x86_64 | 1.22.2 | 8.64 | 77.96 | 86.60 | OK | |
r-release-linux-x86_64 | 1.22.2 | 8.67 | 78.15 | 86.82 | OK | |
r-release-macos-arm64 | 1.22.2 | 43.00 | OK | |||
r-release-macos-x86_64 | 1.22.2 | 72.00 | WARN | |||
r-release-windows-x86_64 | 1.22.2 | 12.00 | 107.00 | 119.00 | OK | |
r-oldrel-macos-arm64 | 1.22.2 | 49.00 | OK | |||
r-oldrel-macos-x86_64 | 1.22.2 | 144.00 | OK | |||
r-oldrel-windows-x86_64 | 1.22.2 | 13.00 | 119.00 | 132.00 | OK |
Version: 1.22.2
Check: re-building of vignette outputs
Result: WARN
Error(s) in re-building vignettes:
...
--- re-building ‘MALDIquant-intro.Rnw’ using knitr
Error: processing vignette 'MALDIquant-intro.Rnw' failed with diagnostics:
Running 'texi2dvi' on 'MALDIquant-intro.tex' failed.
LaTeX errors:
! Undefined control sequence.
l.166 \hldef
{> }\hlkwd{install.packages}\hldef{(}\hlkwd{c}\hldef{(}\hlsng{"M...
?
! Emergency stop.
l.166
End of file on the terminal!
! ==> Fatal error occurred, no output PDF file produced!
--- failed re-building ‘MALDIquant-intro.Rnw’
SUMMARY: processing the following file failed:
‘MALDIquant-intro.Rnw’
Error: Vignette re-building failed.
Execution halted
Flavor: r-release-macos-x86_64