Last updated on 2024-06-30 00:59:18 CEST.
Flavor | Version | Tinstall | Tcheck | Ttotal | Status | Flags |
---|---|---|---|---|---|---|
r-devel-linux-x86_64-debian-clang | 0.1.4.2 | 29.50 | 181.20 | 210.70 | OK | |
r-devel-linux-x86_64-debian-gcc | 0.1.4.2 | 25.31 | 158.38 | 183.69 | OK | |
r-devel-linux-x86_64-fedora-clang | 0.1.4.2 | 275.84 | OK | |||
r-devel-linux-x86_64-fedora-gcc | 0.1.4.2 | 459.95 | OK | |||
r-devel-windows-x86_64 | 0.1.4.2 | 30.00 | 152.00 | 182.00 | OK | |
r-patched-linux-x86_64 | 0.1.4.2 | 19.48 | 188.39 | 207.87 | OK | |
r-release-linux-x86_64 | 0.1.4.2 | 22.03 | 198.06 | 220.09 | OK | |
r-release-macos-arm64 | 0.1.4.2 | 124.00 | NOTE | |||
r-release-macos-x86_64 | 0.1.4.2 | 177.00 | NOTE | |||
r-release-windows-x86_64 | 0.1.4.2 | 29.00 | 153.00 | 182.00 | OK | |
r-oldrel-macos-arm64 | 0.1.4.2 | 132.00 | NOTE | |||
r-oldrel-macos-x86_64 | 0.1.4.2 | 299.00 | NOTE | |||
r-oldrel-windows-x86_64 | 0.1.4.2 | 38.00 | 187.00 | 225.00 | OK |
Version: 0.1.4.2
Check: installed package size
Result: NOTE
installed size is 5.1Mb
sub-directories of 1Mb or more:
R 1.1Mb
data 3.9Mb
Flavors: r-release-macos-arm64, r-release-macos-x86_64, r-oldrel-macos-arm64, r-oldrel-macos-x86_64