Last updated on 2024-06-30 00:59:18 CEST.
Flavor | Version | Tinstall | Tcheck | Ttotal | Status | Flags |
---|---|---|---|---|---|---|
r-devel-linux-x86_64-debian-clang | 0.4.3 | 13.96 | 770.18 | 784.14 | OK | |
r-devel-linux-x86_64-debian-gcc | 0.4.3 | 11.43 | 542.39 | 553.82 | OK | |
r-devel-linux-x86_64-fedora-clang | 0.4.3 | 982.59 | NOTE | |||
r-devel-linux-x86_64-fedora-gcc | 0.4.3 | 937.25 | NOTE | |||
r-devel-windows-x86_64 | 0.4.3 | 14.00 | 712.00 | 726.00 | OK | |
r-patched-linux-x86_64 | 0.4.3 | 14.70 | 755.42 | 770.12 | OK | |
r-release-linux-x86_64 | 0.4.3 | 13.94 | 772.02 | 785.96 | OK | |
r-release-macos-arm64 | 0.4.3 | 252.00 | OK | |||
r-release-macos-x86_64 | 0.4.3 | 435.00 | OK | |||
r-release-windows-x86_64 | 0.4.3 | 13.00 | 713.00 | 726.00 | OK | |
r-oldrel-macos-arm64 | 0.4.3 | 255.00 | OK | |||
r-oldrel-macos-x86_64 | 0.4.3 | 720.00 | OK | |||
r-oldrel-windows-x86_64 | 0.4.3 | 16.00 | 835.00 | 851.00 | OK |
Version: 0.4.3
Check: data for non-ASCII characters
Result: NOTE
Note: found 6 marked Latin-1 strings
Flavors: r-devel-linux-x86_64-fedora-clang, r-devel-linux-x86_64-fedora-gcc