Last updated on 2024-06-30 00:59:18 CEST.
Flavor | Version | Tinstall | Tcheck | Ttotal | Status | Flags |
---|---|---|---|---|---|---|
r-devel-linux-x86_64-debian-clang | 1.2.1 | 28.61 | 129.41 | 158.02 | OK | |
r-devel-linux-x86_64-debian-gcc | 1.2.1 | 22.77 | 94.41 | 117.18 | OK | |
r-devel-linux-x86_64-fedora-clang | 1.2.1 | 224.08 | NOTE | |||
r-devel-linux-x86_64-fedora-gcc | 1.2.1 | 203.86 | NOTE | |||
r-devel-windows-x86_64 | 1.2.1 | 28.00 | 122.00 | 150.00 | OK | |
r-patched-linux-x86_64 | 1.2.1 | 18.45 | 124.03 | 142.48 | OK | |
r-release-linux-x86_64 | 1.2.1 | 19.60 | 125.92 | 145.52 | OK | |
r-release-macos-arm64 | 1.2.1 | 53.00 | OK | |||
r-release-macos-x86_64 | 1.2.1 | 76.00 | OK | |||
r-release-windows-x86_64 | 1.2.1 | 26.00 | 125.00 | 151.00 | OK | |
r-oldrel-macos-arm64 | 1.2.1 | 64.00 | OK | |||
r-oldrel-macos-x86_64 | 1.2.1 | 134.00 | OK | |||
r-oldrel-windows-x86_64 | 1.2.1 | 35.00 | 156.00 | 191.00 | OK |
Version: 1.2.1
Check: dependencies in R code
Result: NOTE
Namespaces in Imports field not imported from:
‘MASS’ ‘Rdpack’ ‘copula’ ‘missMethods’
All declared Imports should be used.
Flavors: r-devel-linux-x86_64-fedora-clang, r-devel-linux-x86_64-fedora-gcc