Last updated on 2024-06-30 00:59:18 CEST.
Flavor | Version | Tinstall | Tcheck | Ttotal | Status | Flags |
---|---|---|---|---|---|---|
r-devel-linux-x86_64-debian-clang | 4.0.3 | 9.97 | 75.31 | 85.28 | NOTE | |
r-devel-linux-x86_64-debian-gcc | 4.0.3 | 7.56 | 56.47 | 64.03 | NOTE | |
r-devel-linux-x86_64-fedora-clang | 4.0.3 | 104.64 | NOTE | |||
r-devel-linux-x86_64-fedora-gcc | 4.0.3 | 99.10 | NOTE | |||
r-devel-windows-x86_64 | 4.0.3 | 8.00 | 73.00 | 81.00 | NOTE | |
r-patched-linux-x86_64 | 4.0.3 | 8.70 | 70.30 | 79.00 | NOTE | |
r-release-linux-x86_64 | 4.0.3 | 9.47 | 72.25 | 81.72 | NOTE | |
r-release-macos-arm64 | 4.0.3 | 32.00 | NOTE | |||
r-release-macos-x86_64 | 4.0.3 | 45.00 | NOTE | |||
r-release-windows-x86_64 | 4.0.3 | 8.00 | 75.00 | 83.00 | NOTE | |
r-oldrel-macos-arm64 | 4.0.3 | 49.00 | OK | |||
r-oldrel-macos-x86_64 | 4.0.3 | 55.00 | OK | |||
r-oldrel-windows-x86_64 | 4.0.3 | 7.00 | 86.00 | 93.00 | OK |
Version: 4.0.3
Check: Rd files
Result: NOTE
checkRd: (-1) mdp_example_forest.Rd:36: Lost braces; missing escapes or markup?
36 | Let {1, ... S} be the states of the forest. the Sth state being the oldest.
| ^
Flavors: r-devel-linux-x86_64-debian-clang, r-devel-linux-x86_64-debian-gcc, r-devel-linux-x86_64-fedora-clang, r-devel-linux-x86_64-fedora-gcc, r-devel-windows-x86_64, r-patched-linux-x86_64, r-release-linux-x86_64, r-release-macos-arm64, r-release-macos-x86_64, r-release-windows-x86_64