Last updated on 2024-06-30 00:59:18 CEST.
Flavor | Version | Tinstall | Tcheck | Ttotal | Status | Flags |
---|---|---|---|---|---|---|
r-devel-linux-x86_64-debian-clang | 1.0.1 | 5.91 | 71.45 | 77.36 | OK | |
r-devel-linux-x86_64-debian-gcc | 1.0.1 | 5.54 | 52.35 | 57.89 | OK | |
r-devel-linux-x86_64-fedora-clang | 1.0.1 | 99.44 | NOTE | |||
r-devel-linux-x86_64-fedora-gcc | 1.0.1 | 107.67 | OK | |||
r-devel-windows-x86_64 | 1.0.1 | 8.00 | 85.00 | 93.00 | NOTE | |
r-patched-linux-x86_64 | 1.0.1 | 10.72 | 67.64 | 78.36 | OK | |
r-release-linux-x86_64 | 1.0.1 | 8.48 | 68.74 | 77.22 | OK | |
r-release-macos-arm64 | 1.0.1 | 37.00 | NOTE | |||
r-release-macos-x86_64 | 1.0.1 | 58.00 | NOTE | |||
r-release-windows-x86_64 | 1.0.1 | 8.00 | 83.00 | 91.00 | NOTE | |
r-oldrel-macos-arm64 | 1.0.1 | 36.00 | NOTE | |||
r-oldrel-macos-x86_64 | 1.0.1 | 61.00 | NOTE | |||
r-oldrel-windows-x86_64 | 1.0.1 | 9.00 | 92.00 | 101.00 | NOTE |
Version: 1.0.1
Check: installed package size
Result: NOTE
installed size is 7.6Mb
sub-directories of 1Mb or more:
doc 1.9Mb
extdata 5.3Mb
Flavors: r-devel-linux-x86_64-fedora-clang, r-devel-windows-x86_64, r-release-macos-arm64, r-release-macos-x86_64, r-release-windows-x86_64, r-oldrel-macos-arm64, r-oldrel-macos-x86_64, r-oldrel-windows-x86_64