Last updated on 2024-06-30 00:59:18 CEST.
Flavor | Version | Tinstall | Tcheck | Ttotal | Status | Flags |
---|---|---|---|---|---|---|
r-devel-linux-x86_64-debian-clang | 0.9-3 | 6.48 | 49.37 | 55.85 | NOTE | |
r-devel-linux-x86_64-debian-gcc | 0.9-3 | 5.50 | 35.86 | 41.36 | NOTE | |
r-devel-linux-x86_64-fedora-clang | 0.9-3 | 71.04 | NOTE | |||
r-devel-linux-x86_64-fedora-gcc | 0.9-3 | 67.25 | NOTE | |||
r-devel-windows-x86_64 | 0.9-3 | 7.00 | 70.00 | 77.00 | NOTE | |
r-patched-linux-x86_64 | 0.9-3 | 6.51 | 45.98 | 52.49 | NOTE | |
r-release-linux-x86_64 | 0.9-3 | 7.46 | 47.33 | 54.79 | NOTE | |
r-release-macos-arm64 | 0.9-3 | 26.00 | NOTE | |||
r-release-macos-x86_64 | 0.9-3 | 51.00 | NOTE | |||
r-release-windows-x86_64 | 0.9-3 | 7.00 | 70.00 | 77.00 | NOTE | |
r-oldrel-macos-arm64 | 0.9-3 | 27.00 | NOTE | |||
r-oldrel-macos-x86_64 | 0.9-3 | 42.00 | NOTE | |||
r-oldrel-windows-x86_64 | 0.9-3 | 8.00 | 81.00 | 89.00 | NOTE |
Version: 0.9-3
Check: Rd files
Result: NOTE
checkRd: (-1) Soybean.Rd:15: Escaped LaTeX specials: \#
checkRd: (-1) Soybean.Rd:33: Escaped LaTeX specials: \#
Flavors: r-devel-linux-x86_64-debian-clang, r-devel-linux-x86_64-debian-gcc, r-devel-linux-x86_64-fedora-clang, r-devel-linux-x86_64-fedora-gcc, r-devel-windows-x86_64, r-patched-linux-x86_64, r-release-linux-x86_64, r-release-macos-arm64, r-release-macos-x86_64, r-release-windows-x86_64, r-oldrel-macos-arm64, r-oldrel-macos-x86_64, r-oldrel-windows-x86_64