Last updated on 2024-06-16 11:58:00 CEST.
Flavor | Version | Tinstall | Tcheck | Ttotal | Status | Flags |
---|---|---|---|---|---|---|
r-devel-linux-x86_64-debian-clang | 1.6.0 | 77.19 | 360.79 | 437.98 | NOTE | |
r-devel-linux-x86_64-debian-gcc | 1.6.0 | 50.86 | 238.47 | 289.33 | NOTE | |
r-devel-linux-x86_64-fedora-clang | 1.6.0 | 523.18 | NOTE | |||
r-devel-linux-x86_64-fedora-gcc | 1.6.0 | 524.17 | NOTE | |||
r-devel-windows-x86_64 | 1.6.0 | 54.00 | 284.00 | 338.00 | NOTE | |
r-patched-linux-x86_64 | 1.6.0 | 65.87 | 343.13 | 409.00 | NOTE | |
r-release-linux-x86_64 | 1.6.0 | 58.50 | 336.97 | 395.47 | NOTE | |
r-release-macos-arm64 | 1.6.0 | 109.00 | NOTE | |||
r-release-macos-x86_64 | 1.6.0 | 197.00 | NOTE | |||
r-release-windows-x86_64 | 1.6.0 | 55.00 | 284.00 | 339.00 | NOTE | |
r-oldrel-macos-arm64 | 1.6.0 | 137.00 | OK | |||
r-oldrel-macos-x86_64 | 1.6.0 | 245.00 | OK | |||
r-oldrel-windows-x86_64 | 1.6.0 | 72.00 | 373.00 | 445.00 | OK |
Version: 1.6.0
Check: Rd files
Result: NOTE
checkRd: (-1) calcQuantiles.Rd:52: Lost braces; missing escapes or markup?
52 | {M/F}\emph{Mean}(patchNum).csv and {M/F}\emph{Quantile}(quantNum)_(patchNum).csv.
| ^
checkRd: (-1) calcQuantiles.Rd:52: Lost braces; missing escapes or markup?
52 | {M/F}\emph{Mean}(patchNum).csv and {M/F}\emph{Quantile}(quantNum)_(patchNum).csv.
| ^
Flavors: r-devel-linux-x86_64-debian-clang, r-devel-linux-x86_64-debian-gcc, r-devel-linux-x86_64-fedora-clang, r-devel-linux-x86_64-fedora-gcc, r-devel-windows-x86_64, r-patched-linux-x86_64, r-release-linux-x86_64, r-release-macos-arm64, r-release-macos-x86_64, r-release-windows-x86_64