Last updated on 2024-06-30 00:59:19 CEST.
Flavor | Version | Tinstall | Tcheck | Ttotal | Status | Flags |
---|---|---|---|---|---|---|
r-devel-linux-x86_64-debian-clang | 3.0.2 | 89.85 | 102.99 | 192.84 | OK | |
r-devel-linux-x86_64-debian-gcc | 3.0.2 | 75.09 | 81.30 | 156.39 | OK | |
r-devel-linux-x86_64-fedora-clang | 3.0.2 | 242.95 | OK | |||
r-devel-linux-x86_64-fedora-gcc | 3.0.2 | 285.11 | OK | |||
r-devel-windows-x86_64 | 3.0.2 | 66.00 | 106.00 | 172.00 | OK | |
r-patched-linux-x86_64 | 3.0.2 | 83.20 | 102.20 | 185.40 | OK | |
r-release-linux-x86_64 | 3.0.2 | 91.38 | 107.19 | 198.57 | OK | |
r-release-macos-arm64 | 3.0.2 | 63.00 | NOTE | |||
r-release-macos-x86_64 | 3.0.2 | 102.00 | NOTE | |||
r-release-windows-x86_64 | 3.0.2 | 67.00 | 107.00 | 174.00 | OK | |
r-oldrel-macos-arm64 | 3.0.2 | 73.00 | NOTE | |||
r-oldrel-macos-x86_64 | 3.0.2 | 115.00 | NOTE | |||
r-oldrel-windows-x86_64 | 3.0.2 | 87.00 | 134.00 | 221.00 | OK |
Version: 3.0.2
Check: installed package size
Result: NOTE
installed size is 28.5Mb
sub-directories of 1Mb or more:
libs 27.8Mb
Flavors: r-release-macos-arm64, r-release-macos-x86_64, r-oldrel-macos-arm64, r-oldrel-macos-x86_64